3 + l/(-9).
2
Let u(o) = -2*o**2 + 44*o + 6. Let k = 15 - -6. List the prime factors of u(k).
2, 3
Suppose 5763 = 7*f - 4226. List the prime factors of f.
1427
Let u be 1 - -2 - (3 + -4 + 2). List the prime factors of 3*(246/9)/u.
41
Suppose -7*w + 11*w = 3*b + 8, 5*w + 2*b - 10 = 0. Let f be -1 - 4*-1*2. Suppose w*c - f*c + 40 = 0. What are the prime factors of c?
2
Let t(q) = 27*q**2 + 7*q + 12. List the prime factors of t(-7).
2, 643
Let x be 13/((-455)/(-30))*(-14)/(-4). Suppose 2*a - 690 = -x*a. List the prime factors of a.
2, 3, 23
Let s = 19 - 14. Let d(g) = g**3 - 6*g**2 + 7*g + 1. Let u be d(s). Suppose 0 = -4*l + 19 + 1, -3*l + u = -v. List the prime factors of v.
2
Suppose 8*k - 16*k = -1320. List the prime factors of k.
3, 5, 11
Suppose -225*s - 9088 = -4*i - 229*s, -4*s = -4*i + 9104. What are the prime factors of i?
2, 3, 379
Let v(g) = -g**2 + 8*g + 6. Let r be v(9). Let a = -4 - r. List the prime factors of a - 2*(-28)/8.
2, 3
Let z = 57 + -49. Let c(j) = -j**3 + 8*j**2 + 4*j + 18. What are the prime factors of c(z)?
2, 5
Let c(s) = -s**3 + 3*s**2 - 2*s + 3. Let o be c(2). Suppose 0 = 4*k - 40 - 40. Suppose o = -v + k. List the prime factors of v.
17
Suppose 3*q - 3*y = 372, -5*q + 960 - 368 = 2*y. Let c be q - (0/1)/1. Suppose -2*l - 5*t + 24 = -l, 5*l - 4*t = c. What are the prime factors of l?
2, 3
Let f(b) = 15*b**2 + 29*b - 253. List the prime factors of f(10).
29, 53
Let v = 909 + -314. List the prime factors of v.
5, 7, 17
What are the prime factors of ((-792)/32 - 9)*-44?
3, 5, 11
Let u(n) = -n**2 + 4*n - 8. Let v be u(4). List the prime factors of (-1134)/(-45) - v/10.
2, 13
Let t(u) = -3*u**3 - 13*u**2 + 15*u - 5. What are the prime factors of t(-7)?
2, 3, 47
List the prime factors of 1 - (2 + 1)/((-42)/17948).
1283
Let u = 743 - 332. Suppose 4*d - 7*d = -u. What are the prime factors of d?
137
Suppose -3*p = -q - 217, 2*q = -5*p + 215 + 165. Suppose -w + p = w. Let v = -18 + w. List the prime factors of v.
19
Let h be ((-12)/(-10))/(39/(-130)) - -12. Let j(x) = 10*x + 3 - 2*x**2 + x**2 - x. List the prime factors of j(h).
11
Suppose 3*c - 18 = 5*m - 4*m, -c + 6 = -3*m. Suppose -4*y + c = -7*y. What are the prime factors of (5 + y + 3)*3?
2, 3
Suppose 0 = 4*v + t - 403, -5*v + 0*t + 515 = 5*t. Suppose 6*p = p - v. List the prime factors of p*(1 - (-3 + 5)).
2, 5
Let y = -391 - -795. What are the prime factors of y?
2, 101
Suppose 2*d - 15 = -5*m, 0*d - d - m + 3 = 0. Suppose d*a = -2*a. Suppose c - 24 = -a*c. List the prime factors of c.
2, 3
Let f(b) = b**3 - 4*b**2 + 5*b - 2. Let d be f(3). Let i(l) = l**3 + 8*l**2 + 3*l - 15. Let j be i(-7). Let s = j - d. What are the prime factors of s?
3
Let q = 35 - 30. Let f be 2 - (q + -1 + -3). Let t = f - -17. What are the prime factors of t?
2, 3
Suppose -6*f - 35 = -11*f. List the prime factors of 30/70 - (-333)/f.
2, 3
Suppose 2*l - 5 = -3*l. Let s(z) = -z**3 - 15*z**2 - 17*z - 32. Let o be s(-14). Let h = o - l. What are the prime factors of h?
3
Suppose 17*b - 48 = 13*b. Suppose -b = x - 2*x. List the prime factors of x.
2, 3
Let n(g) = 12*g - 42. Let k be n(19). Let a = 273 - k. What are the prime factors of a?
3, 29
List the prime factors of 5*(-2 + 1) - (-1394 + -11).
2, 5, 7
List the prime factors of 1 + (-15)/13 + (-7207380)/(-4212).
29, 59
Let l(z) = z**3 - 6*z**2 + 2. Let m be l(6). Suppose 2 = 4*y + 2*i - 0*i, m*y - i + 1 = 0. Suppose f + y - 2 = 0. List the prime factors of f.
2
Let y(c) = c**2 + 9*c + 22. Let t be y(-11). Suppose 0 = -i - i + t. What are the prime factors of i?
2, 11
Let a be 232 - (3 - -2 - (-12)/(-3)). Suppose 3*b = -45 + a. What are the prime factors of b?
2, 31
Let w(g) = 1544*g**3 + 1. What are the prime factors of w(1)?
3, 5, 103
Let o(u) = u**3 - 11*u**2 - 11*u + 20. Let d be -18*7/3*30/(-105). List the prime factors of o(d).
2
Let m be 2/(-4)*(30/(-6) + 13). List the prime factors of m - (-1 + -184 + 1).
2, 3, 5
Suppose v = -n + 6*v + 169, -5*v + 607 = 3*n. List the prime factors of n.
2, 97
Let x = -31 + 1. List the prime factors of x/75 - 292/(-5).
2, 29
Suppose -6*j = 3*s - 5*j, -j = 5*s. Suppose -4*q + 3*u + 516 = s, 2*u = -3*q - u + 387. What are the prime factors of q?
3, 43
Let x(b) = -171*b**3 + 4*b**2 + 6*b - 10. List the prime factors of x(-3).
5, 37
Let g be (-3)/2*144/54. Let i(d) = -d**2 + d. Let o(m) = -55*m**3 + 6*m**2 - 5*m. Let w(c) = g*i(c) - o(c). List the prime factors of w(1).
2, 3
Let z be (-8)/28 + 37/7. Suppose -610 = -0*r - z*r. What are the prime factors of r?
2, 61
Suppose a + i = 1208, 23*a = 28*a + i - 6060. List the prime factors of a.
1213
Let q be 2/(3 - 55/15) + 5. Let s be 8*2 - (-2)/(-2). Suppose q*z - 33 = -5*i - 9, i - 3*z = s. List the prime factors of i.
2, 3
Let d = -58 + 60. Suppose 280 = -0*h + d*h. List the prime factors of h.
2, 5, 7
Suppose -2*o + 2*l - 3*l = -1204, 0 = -2*o + 4*l + 1184. What are the prime factors of o?
2, 3, 5
Let r be -3 - 3*184/(-12). Let i = -39 + r. Suppose -63 + 299 = i*n. List the prime factors of n.
59
Suppose 2*x + 926 - 4322 = -4*l, 2*x = 2*l + 3366. What are the prime factors of x?
2, 211
Let d(j) = 48*j**3 + j**2 - j + 1. Let q be d(1). Let m = 27 + q. Suppose i = -4*l + 24, l - m = -0*i - 2*i. What are the prime factors of i?
2, 5
Suppose p + 5 = 2*j + 3, -5*j = -3*p - 7. Let k = 4 - 1. List the prime factors of (-20)/p - (1 - k).
7
Let i(l) = -l**2 - 5*l - 4. Let z be i(-3). Suppose -4*t + 9 = -3*a - 209, 0 = z*t + 2*a - 116. What are the prime factors of t?
2, 7
Let c be (-9 - -10) + 4/2. Suppose 4 = -c*j - 47. Let u = 4 - j. List the prime factors of u.
3, 7
Suppose -3408 = -4*g + 2*x, g - 857 = 58*x - 60*x. List the prime factors of g.
853
Suppose -h + 493 = 2*w, 0 = -0*h - 2*h + w + 1001. List the prime factors of h.
499
Let s(n) = -30*n + 92. What are the prime factors of s(-18)?
2, 79
Let u be (-2 - (-1 - -2)) + 14. Let b be 12/(-60) + u/5. List the prime factors of (-10 - -42)/(b/3).
2, 3
What are the prime factors of (-6964)/(-10) - ((-172)/20 + 9)?
2, 3, 29
Suppose -2*l + 115 = -79. Suppose l + 35 = 2*g. What are the prime factors of g?
2, 3, 11
List the prime factors of 5/(-4)*70*(-22320)/434.
2, 3, 5
Let b(a) = -4*a - 3. Let l(c) = 1. Let t(j) = -b(j) + 4*l(j). Let z be t(6). Let s = z - 6. List the prime factors of s.
5
Let l be (-9)/(-18)*(29 + 1). Suppose -12*w + 9*w + l = 0. What are the prime factors of w?
5
Let c be 2 - (18/(-30))/(1/5). Suppose 0 = q + 3*u - 59, 5*q + u - c*u = 219. List the prime factors of q.
47
Suppose -60*o + 78014 = -22*o. List the prime factors of o.
2053
Let l = 147 + 647. Suppose -332 = -6*i - l. Let p = 3 - i. List the prime factors of p.
2, 5
Suppose 97*k = 89*k + 9360. List the prime factors of k.
2, 3, 5, 13
Let h = -2010 + 3367. What are the prime factors of h?
23, 59
Let j = -21 + 56. What are the prime factors of (j - 2) + (6 - 5/1)?
2, 17
Let m be (4/(-6) - -1)/(2/42). Suppose -336 = -11*n + m*n. What are the prime factors of n?
2, 3, 7
Let f = -15 - -15. Suppose f = -4*n - 4*j, -j + 4 - 1 = 2*n. Suppose n*c + c - 120 = 0. What are the prime factors of c?
2, 3, 5
Suppose -3*g + 6 = 21. List the prime factors of (33/(-6))/(g/30).
3, 11
Let i = -3893 + 8009. List the prime factors of i.
2, 3, 7
Let y = 3088 + 2021. List the prime factors of y.
3, 13, 131
Let r = 1336 + -915. List the prime factors of r.
421
Let k(x) = -x**2 + 56*x - 234. What are the prime factors of k(23)?
3, 5, 7
Let x(t) = -2*t**3 - t**2 + 4. Let g(z) = -z**2 - 3*z + 2. Let p be g(1). List the prime factors of x(p).
2
Let t be (16/24)/(4/66). Suppose -2*c + 0*c - j = -16, 0 = -c + j + t. Suppose -3*q + 4*h + c = h, 10 = 2*q + 2*h. List the prime factors of q.
2
Let d be 248/(-12)*(-4 - (0 - 1)). Let z = 180 + d. What are the prime factors of z?
2, 11
Let k be (-2)/(-1) - (-14 + 10). List the prime factors of 3*(368/k + 0).
2, 23
Suppose -3*y = 4*d - 17, 10 = d - 5*y - 0*y. Suppose d*p - 69 - 46 = 0. Suppose 2*k = -b + p, 0 = 3*k - 4*b + b - 30. List the prime factors of k.
11
Let b(s) = -330*s + 18. List the prime factors of b(-2).
2, 3, 113
Suppose -7*i + 0*i = 427. Let b = i - -111. What are the prime factors of (b/(-4))/((-2)/4)?
5
List the prime factors of (54/63)/((-9)/(-51261)).
2, 2441
Let p(q) = 4*q**2 + 81*q. List the prime fac